 ten thousands digit of 5536325?
3
What is the hundreds digit of 510722?
7
What is the tens digit of 1115623?
2
What is the hundreds digit of 556164?
1
What is the tens digit of 7164995?
9
What is the units digit of 270782?
2
What is the hundred thousands digit of 625278?
6
What is the ten thousands digit of 2801000?
0
What is the millions digit of 1129324?
1
What is the hundreds digit of 5201688?
6
What is the millions digit of 3087670?
3
What is the ten thousands digit of 2625710?
2
What is the hundred thousands digit of 4670854?
6
What is the tens digit of 1948004?
0
What is the hundreds digit of 1175894?
8
What is the thousands digit of 569124?
9
What is the units digit of 2546547?
7
What is the tens digit of 6325613?
1
What is the hundreds digit of 2301421?
4
What is the ten thousands digit of 179454?
7
What is the thousands digit of 83999?
3
What is the ten thousands digit of 72513?
7
What is the units digit of 2566078?
8
What is the hundred thousands digit of 158164?
1
What is the millions digit of 1792079?
1
What is the units digit of 204648?
8
What is the ten thousands digit of 10155675?
5
What is the units digit of 65223?
3
What is the hundreds digit of 836732?
7
What is the units digit of 3374774?
4
What is the tens digit of 42?
4
What is the millions digit of 3534319?
3
What is the hundreds digit of 11442149?
1
What is the units digit of 399366?
6
What is the thousands digit of 555219?
5
What is the hundred thousands digit of 773135?
7
What is the hundred thousands digit of 4384925?
3
What is the hundreds digit of 520274?
2
What is the hundred thousands digit of 128694?
1
What is the hundreds digit of 20649934?
9
What is the ten thousands digit of 2488730?
8
What is the hundreds digit of 110079?
0
What is the hundreds digit of 39297?
2
What is the ten thousands digit of 93220?
9
What is the units digit of 6555912?
2
What is the units digit of 35998042?
2
What is the units digit of 6037063?
3
What is the ten thousands digit of 773224?
7
What is the millions digit of 1484804?
1
What is the tens digit of 7174262?
6
What is the hundred thousands digit of 29388437?
3
What is the hundreds digit of 81064?
0
What is the units digit of 88973?
3
What is the hundreds digit of 79347?
3
What is the hundred thousands digit of 181854?
1
What is the hundred thousands digit of 355983?
3
What is the units digit of 292762?
2
What is the hundred thousands digit of 5503988?
5
What is the hundred thousands digit of 190214?
1
What is the tens digit of 478762?
6
What is the hundreds digit of 2175044?
0
What is the thousands digit of 1043308?
3
What is the tens digit of 188064?
6
What is the hundred thousands digit of 4164057?
1
What is the thousands digit of 429260?
9
What is the hundreds digit of 453789?
7
What is the tens digit of 949609?
0
What is the ten thousands digit of 10404747?
0
What is the hundred thousands digit of 1041439?
0
What is the tens digit of 148478?
7
What is the hundred thousands digit of 367145?
3
What is the units digit of 268428?
8
What is the hundred thousands digit of 4261982?
2
What is the units digit of 7918010?
0
What is the hundred thousands digit of 1084885?
0
What is the hundreds digit of 6721898?
8
What is the hundreds digit of 18731183?
1
What is the units digit of 239339?
9
What is the hundred thousands digit of 223105?
2
What is the millions digit of 1456711?
1
What is the millions digit of 1124098?
1
What is the thousands digit of 880843?
0
What is the units digit of 2443728?
8
What is the tens digit of 14323175?
7
What is the hundreds digit of 10205600?
6
What is the units digit of 87864?
4
What is the units digit of 981039?
9
What is the millions digit of 2024041?
2
What is the tens digit of 50445?
4
What is the tens digit of 5814041?
4
What is the tens digit of 1055849?
4
What is the ten thousands digit of 28816069?
1
What is the thousands digit of 358539?
8
What is the units digit of 88619?
9
What is the hundred thousands digit of 13816313?
8
What is the ten thousands digit of 3450885?
5
What is the hundreds digit of 372717?
7
What is the tens digit of 329605?
0
What is the units digit of 3867435?
5
What is the units digit of 603401?
1
What is the tens digit of 2230530?
3
What is the ten thousands digit of 564952?
6
What is the millions digit of 3766113?
3
What is the ten thousands digit of 1322763?
2
What is the tens digit of 150679?
7
What is the ten thousands digit of 1400210?
0
What is the ten thousands digit of 4674964?
7
What is the ten thousands digit of 4489955?
8
What is the thousands digit of 560145?
0
What is the millions digit of 8025886?
8
What is the ten thousands digit of 432504?
3
What is the millions digit of 2564175?
2
What is the thousands digit of 993299?
3
What is the hundred thousands digit of 8276077?
2
What is the hundred thousands digit of 402252?
4
What is the hundreds digit of 15105495?
4
What is the units digit of 10971218?
8
What is the tens digit of 2019316?
1
What is the ten thousands digit of 10721351?
2
What is the hundred thousands digit of 12788970?
7
What is the hundreds digit of 128281?
2
What is the units digit of 5579222?
2
What is the ten thousands digit of 320935?
2
What is the hundreds digit of 533166?
1
What is the tens digit of 2743017?
1
What is the hundred thousands digit of 1706093?
7
What is the tens digit of 666493?
9
What is the units digit of 2257276?
6
What is the hundred thousands digit of 12139597?
1
What is the hundred thousands digit of 1349491?
3
What is the tens digit of 4649894?
9
What is the hundred thousands digit of 545059?
5
What is the tens digit of 434731?
3
What is the tens digit of 7557632?
3
What is the tens digit of 726544?
4
What is the tens digit of 2543845?
4
What is the tens digit of 14375?
7
What is the hundreds digit of 133401?
4
What is the hundreds digit of 20061365?
3
What is the hundred thousands digit of 579180?
5
What is the units digit of 1153900?
0
What is the tens digit of 143706?
0
What is the hundreds digit of 584387?
3
What is the hundreds digit of 2160120?
1
What is the hundreds digit of 623422?
4
What is the tens digit of 1343554?
5
What is the hundreds digit of 258304?
3
What is the hundreds digit of 8016826?
8
What is the units digit of 1150404?
4
What is the millions digit of 5079672?
5
What is the millions digit of 2368143?
2
What is the hundred thousands digit of 165251?
1
What is the ten thousands digit of 544329?
4
What is the hundreds digit of 383011?
0
What is the tens digit of 25307330?
3
What is the thousands digit of 800737?
0
What is the hundreds digit of 70242?
2
What is the hundred thousands digit of 6284984?
2
What is the hundreds digit of 578578?
5
What is the thousands digit of 8154297?
4
What is the tens digit of 1392589?
8
What is the hundred thousands digit of 6208124?
2
What is the tens digit of 4518180?
8
What is the tens digit of 800351?
5
What is the units digit of 1024856?
6
What is the units digit of 1773990?
0
What is the tens digit of 1144334?
3
What is the millions digit of 1223265?
1
What is the hundreds digit of 3628111?
1
What is the ten millions digit of 28415220?
2
What is the hundreds digit of 349662?
6
What is the ten millions digit of 13907907?
1
What is the ten thousands digit of 95018?
9
What is the ten thousands digit of 365872?
6
What is the hundreds digit of 5528806?
8
What is the tens digit of 5116447?
4
What is the millions digit of 1896510?
1
What is the thousands digit of 680571?
0
What is the hundred thousands digit of 712756?
7
What is the millions digit of 8260322?
8
What is the ten thousands digit of 115838?
1
What is the tens digit of 88000?
0
What is the tens digit of 1879602?
0
What is the hundred thousands digit of 1557451?
5
What is the units digit of 867861?
1
What is the ten thousands digit of 729078?
2
What is the tens digit of 132356?
5
What is the tens digit of 859640?
4
What is the tens digit of 115392?
9
What is the hundred thousands digit of 1206070?
2
What is the tens digit of 104458?
5
What is the hundreds digit of 11835987?
9
What is the hundreds digit of 93229?
2
What is the thousands digit of 6824011?
4
What is the tens digit of 211292?
9
What is the ten thousands digit of 4367502?
6
What is the units digit of 1191120?
0
What is the hundreds digit of 28